, what is 15210 - 224230?
-205020
In base 8, what is -11015 - -1163?
-7632
In base 14, what is -1a690bc + 1?
-1a690bb
In base 11, what is -5 - 724014?
-724019
In base 4, what is -100232220 - -2000?
-100230220
In base 10, what is 621955 - -32?
621987
In base 5, what is -32341 - 42430?
-130321
In base 12, what is 1 - 2334922?
-2334921
In base 6, what is 1440 - -1254?
3134
In base 5, what is 21443132442 + -1?
21443132441
In base 13, what is -5990 + -b80?
-6840
In base 9, what is -3821 - 36061?
-40882
In base 10, what is -16878 - 177?
-17055
In base 3, what is 2 - 1102111221010002?
-1102111221010000
In base 4, what is 11223101 + -3112002?
2111033
In base 16, what is 20 + -f7e7?
-f7c7
In base 3, what is -112120 + 1010112200?
1010000010
In base 8, what is -161707 - -125?
-161562
In base 5, what is -33001 - 1104340?
-1142341
In base 3, what is 10002111 + -20102121?
-10100010
In base 6, what is -3502213205 - 1?
-3502213210
In base 4, what is -311121301221200 - -11?
-311121301221123
In base 13, what is 3c532c + 9a?
3c53c9
In base 2, what is 110011001000011101111 - 1101111?
110011001000010000000
In base 8, what is 13547 - -537?
14306
In base 16, what is -a2e2 + b3?
-a22f
In base 13, what is 3 + -33c4041a?
-33c40417
In base 12, what is -7 - 10a65297?
-10a652a2
In base 6, what is -1135 - -11452004?
11450425
In base 2, what is -101110 + -10110111011110000000?
-10110111011110101110
In base 16, what is 7a3026 - 2?
7a3024
In base 12, what is -343b81028 + -2?
-343b8102a
In base 10, what is -340353343 + 2?
-340353341
In base 13, what is 3 - -17a0a0?
17a0a3
In base 9, what is 231288 + 134?
231433
In base 8, what is -5607771771 + 2?
-5607771767
In base 16, what is -d - -297d00b?
297cffe
In base 3, what is 2222 - 100111202120?
-100111122121
In base 2, what is -1100 - 111011111001110000111101?
-111011111001110001001001
In base 11, what is 79 - a69451?
-a69383
In base 11, what is 1332851 - 183?
1332679
In base 16, what is f2365ac + 3?
f2365af
In base 7, what is -155355 + 13330?
-142025
In base 12, what is 946115 - 35?
9460a0
In base 7, what is -11 + 143602246?
143602235
In base 4, what is 110210 + 301020?
1011230
In base 8, what is -6421107 + -5?
-6421114
In base 15, what is -cabb - 8909?
-164c5
In base 13, what is -2 - -29cb249c?
29cb249a
In base 6, what is 21 - -1021424253?
1021424314
In base 12, what is 242a6 - 42?
24264
In base 4, what is 2122303101 + -1?
2122303100
In base 10, what is 2172284 - 4?
2172280
In base 3, what is -1111000002 - 11120201?
-1122120210
In base 2, what is 100 - 1011101011101001011010010010?
-1011101011101001011010001110
In base 15, what is -3 - 144e63?
-144e66
In base 16, what is -f + 2d0ee?
2d0df
In base 2, what is -1001010111 - -110000100110000001?
110000011100101010
In base 9, what is 8 - -130861?
130870
In base 14, what is -3 - 17119db?
-1711a00
In base 12, what is 4 - -2250b67b?
2250b683
In base 4, what is -2 - -2230221011102?
2230221011100
In base 5, what is -213004213 + -1221?
-213010434
In base 15, what is -5 + 6c6c2a4?
6c6c29e
In base 3, what is 10010020010121202 + 1?
10010020010121210
In base 11, what is -208885a - -17?
-2088843
In base 16, what is 1f + -1097f9?
-1097da
In base 16, what is 36145 + 1e?
36163
In base 12, what is -11 - -22278b?
22277a
In base 13, what is b536 + -373?
b193
In base 7, what is -2 + 2646031050?
2646031045
In base 11, what is -1a + 24a50352?
24a50333
In base 11, what is -1447 + -822a6?
-83742
In base 4, what is -200100122 + 122?
-200100000
In base 5, what is 24 + -34124110?
-34124031
In base 9, what is -28461 + -435?
-30006
In base 5, what is -13 + 12212110421?
12212110403
In base 12, what is -37935234 - -4?
-37935230
In base 16, what is -be + -4ea3?
-4f61
In base 6, what is 15424321 + 125?
15424450
In base 14, what is 57 + 391?
408
In base 7, what is 203 - -1433264?
1433500
In base 5, what is -1 + -124401124?
-124401130
In base 3, what is -120010022012 - 11001?
-120010110020
In base 15, what is 21b7cc5d - 1?
21b7cc5c
In base 15, what is 409ac + 2d?
409da
In base 10, what is 11350352 + -5?
11350347
In base 6, what is -1452141 + 315?
-1451422
In base 15, what is b1c66 + 6e?
b1cd5
In base 12, what is 3680b03 + 0?
3680b03
In base 4, what is 233 - -1103200?
1110033
In base 4, what is 0 + 111301203213?
111301203213
In base 3, what is -110 - 12112101220020?
-12112101220200
In base 14, what is ac7152 + 1?
ac7153
In base 6, what is -30535310 - -11?
-30535255
In base 5, what is -1211 - -30111131?
30104420
In base 8, what is 725242 - -6033?
733275
In base 6, what is -4400002524 - -42?
-4400002442
In base 12, what is 22b895aa - 3?
22b895a7
In base 8, what is -21 - -2527004?
2526763
In base 8, what is 1 - -113472?
113473
In base 8, what is -1 + -4067211?
-4067212
In base 8, what is -27 + 2463456?
2463427
In base 5, what is 0 + 4320344203?
4320344203
In base 9, what is 477038 + -37?
477001
In base 7, what is -11504451 - -316?
-11504132
In base 9, what is -46470 + 86?
-46373
In base 3, what is 2100 - -2110221011111?
2110221020211
In base 3, what is 110000010120022 - 2?
110000010120020
In base 15, what is -739aca - 0?
-739aca
In base 9, what is -2026551 - -25?
-2026525
In base 12, what is -b10958 + 4?
-b10954
In base 13, what is 1397435 - -5?
139743a
In base 10, what is -3 + 102371301?
102371298
In base 15, what is -462860 - -4?
-46285b
In base 3, what is -202000112 + 1021200100?
112122211
In base 10, what is -408 + -131136?
-131544
In base 8, what is -10 + 24462?
24452
In base 6, what is 15151142341 + 5?
15151142350
In base 5, what is -1333031141 - 0?
-1333031141
In base 12, what is 4 - 2262616?
-2262612
In base 2, what is 1011 - 11011011100000000110?
-11011011011111111011
In base 2, what is 100001001111111010001011010110 - -100?
100001001111111010001011011010
In base 5, what is 303 + 2023402132?
2023402440
In base 6, what is 1011 + 2412430?
2413441
In base 4, what is -10200312301 + -13?
-10200312320
In base 8, what is 11626204 + 365?
11626571
In base 5, what is -200044 + 232?
-144312
In base 12, what is -5 + -526a926a?
-526a9273
In base 15, what is a8d - -617?
11a5
In base 5, what is -10 - 44013012?
-44013022
In base 12, what is -59 - -127478?
12741b
In base 11, what is -299 - 417a?
-4468
In base 15, what is 12 - -470383?
470395
In base 2, what is -100110101010001010011101 - 100?
-100110101010001010100001
In base 11, what is -25 - 1569a96?
-156a010
In base 6, what is -2112 - 5310213?
-5312325
In base 5, what is 2301320421 + 1?
2301320422
In base 16, what is 9d67cb5 - 0?
9d67cb5
In base 6, what is -1203 - 1040454?
-1042101
In base 11, what is 2 + -5a31a758?
-5a31a756
In base 13, what is 538070a6 + -4?
538070a2
In base 14, what is 67 - -168090?
168117
In base 16, what is 36ca + dc2b?
112f5
In base 15, what is 4 + -c610b4?
-c610b0
In base 14, what is -52 + 1601bc?
16016a
In base 12, what is 2a2612 - 35?
2a2599
In base 6, what is 420142 - -112?
420254
In base 15, what is -7858 + 996d?
2115
In base 12, what is 7a198 - -3?
7a19b
In base 13, what is -8a15 - 728?
-9440
In base 8, what is 3 - 26100035?
-26100032
In base 8, what is 36641 + 310?
37151
In base 11, what is 3 + 44937a1?
44937a4
In base 7, what is 253050 - -2341?
255421
In base 14, what is 0 - -55224c1?
55224c1
In base 9, what is 53572588 + 12?
53572611
In base 9, what is 1005 - 1835?
-830
In base 8, what is 1617 + -3342?
-1523
In base 3, what is 10 + 201112221111100?
201112221111110
In base 12, what is -4 - -bbb8a6a?
bbb8a66
In base 6, what is 1403435244 + -3?
1403435241
In base 12, what is 237b97 - -42?
238019
In base 4, what is -323100 + -2010301?
-3000001
In base 11, what is -3639031 - 1?
-3639032
In base 13, what is 20 - 18530?
-18510
In base 8, what is 254 + -17624237?
-17623763
In base 2, what is 10100100000101110011 - -1011?
10100100000101111110
In base 10, what is 18 + 879998?
880016
In base 3, what is -1201022211102120 + 11?
-1201022211102102
In base 4, what is 30 - -2031103223?
2031103313
In base 11, what is -816 - 18506?
-19221
In base 14, what is -10103a + 16?
-101024
In base 15, what is 0 - 1ab6e3b?
-1ab6e3b
In base 6, what is -115334 - 4503?
-124241
In base 10, what is 1 + 52770198?
52770199
In base 6, what is 5 + -14502133?
-14502124
In base 12, what is -332 + 38a76?
38744
In base 7, what is 105531 - -2310?
111141
In base 4, what is 332210 - 1